{"id":115,"date":"2023-05-18T08:03:30","date_gmt":"2023-05-18T06:03:30","guid":{"rendered":"https:\/\/ensirode.fr\/?page_id=115"},"modified":"2024-05-30T15:36:38","modified_gmt":"2024-05-30T13:36:38","slug":"recherche","status":"publish","type":"page","link":"https:\/\/ensirode.fr\/index.php\/recherche\/","title":{"rendered":"R &#038; D"},"content":{"rendered":"\t\t<div data-elementor-type=\"wp-page\" data-elementor-id=\"115\" class=\"elementor elementor-115\" data-elementor-post-type=\"page\">\n\t\t\t\t\t\t<section class=\"elementor-section elementor-top-section elementor-element elementor-element-5fda8c3 elementor-section-boxed elementor-section-height-default elementor-section-height-default\" data-id=\"5fda8c3\" data-element_type=\"section\" data-e-type=\"section\">\n\t\t\t\t\t\t<div class=\"elementor-container elementor-column-gap-default\">\n\t\t\t\t\t<div class=\"elementor-column elementor-col-100 elementor-top-column elementor-element elementor-element-d6f19b0\" data-id=\"d6f19b0\" data-element_type=\"column\" data-e-type=\"column\">\n\t\t\t<div class=\"elementor-widget-wrap elementor-element-populated\">\n\t\t\t\t\t\t<div class=\"elementor-element elementor-element-674682c elementor-widget elementor-widget-text-editor\" data-id=\"674682c\" data-element_type=\"widget\" data-e-type=\"widget\" data-widget_type=\"text-editor.default\">\n\t\t\t\t<div class=\"elementor-widget-container\">\n\t\t\t\t\t\t\t\t\t<p>&nbsp;&nbsp;&nbsp;&nbsp;&nbsp;&nbsp;&nbsp;&nbsp;&nbsp;&nbsp;&nbsp;&nbsp;&nbsp; En 2018, le CTIFL de Balandran lance le projet LABEL qui consiste \u00e0 l\u2019\u00e9valuation de la lutte physique par Aspiration pour le contr\u00f4le des Bio-agresseurs en culture L\u00e9gumi\u00e8res sous-abri. L\u2019Ensirode sera int\u00e9gr\u00e9 \u00e0 cette \u00e9tude de 2019 \u00e0 2020. Pour cette \u00e9tude, l\u2019objectif sera de mesurer l\u2019impact de l\u2019Ensirode sur les populations d\u2019Aleurodes et de Macrolophus pr\u00e9sent sur les plants.<\/p>\n<p>&nbsp;&nbsp;&nbsp;&nbsp;&nbsp;&nbsp;&nbsp;&nbsp;&nbsp;&nbsp;&nbsp;&nbsp;&nbsp; Au cours de cette p\u00e9riode plusieurs essais ont \u00e9tait r\u00e9alis\u00e9s. Chaque essai ce d\u00e9roulait de la mani\u00e8re suivante&nbsp;: En premier lieu, l\u2019\u00e9quipe du CTIFL effectuait un comptage des populations pr\u00e9sentent sur les plants (Apex + 7 \u00e0 8 derni\u00e8res feuilles soit 1m de haut environ). Ensuite, l\u2019Ensirode entrait en action avec diff\u00e9rentes variables tel que vitesse d\u2019avancement, force de soufflage, etc. Enfin il y avait recomptage des populations apr\u00e8s passage de l\u2019Ensirode puis analyse des donn\u00e9es.<\/p>\n<p>&nbsp;&nbsp;&nbsp;&nbsp;&nbsp;&nbsp;&nbsp;&nbsp;&nbsp;&nbsp;&nbsp;&nbsp;&nbsp; L\u2019enti\u00e8re \u00e9volution de l\u2019Ensirode provient de ces essais et donn\u00e9es qui, prototype apr\u00e8s prototype ont permis d\u2019arriver \u00e0 ce r\u00e9sultat d\u2019une moyenne de 89% de capture d\u2019Aleurodes.<\/p>\n<p>&nbsp;&nbsp;&nbsp;&nbsp;&nbsp;&nbsp;&nbsp;&nbsp;&nbsp;&nbsp;&nbsp;&nbsp;&nbsp; Tableau des r\u00e9sultats du dernier essai : <br><\/p>\t\t\t\t\t\t\t\t<\/div>\n\t\t\t\t<\/div>\n\t\t\t\t\t<\/div>\n\t\t<\/div>\n\t\t\t\t\t<\/div>\n\t\t<\/section>\n\t\t\t\t<section class=\"elementor-section elementor-top-section elementor-element elementor-element-50afd3e elementor-section-boxed elementor-section-height-default elementor-section-height-default\" data-id=\"50afd3e\" data-element_type=\"section\" data-e-type=\"section\">\n\t\t\t\t\t\t<div class=\"elementor-container elementor-column-gap-default\">\n\t\t\t\t\t<div class=\"elementor-column elementor-col-100 elementor-top-column elementor-element elementor-element-82c3d5f\" data-id=\"82c3d5f\" data-element_type=\"column\" data-e-type=\"column\">\n\t\t\t<div class=\"elementor-widget-wrap elementor-element-populated\">\n\t\t\t\t\t\t<div class=\"elementor-element elementor-element-9b83d6b elementor-widget elementor-widget-image\" data-id=\"9b83d6b\" data-element_type=\"widget\" data-e-type=\"widget\" data-widget_type=\"image.default\">\n\t\t\t\t<div class=\"elementor-widget-container\">\n\t\t\t\t\t\t\t\t\t\t\t\t\t\t\t<img decoding=\"async\" src=\"https:\/\/ensirode.fr\/wp-content\/uploads\/2024\/05\/resultat-ctifl3.jpg\" title=\"resultat-ctifl3\" alt=\"resultat-ctifl3\" loading=\"lazy\" \/>\t\t\t\t\t\t\t\t\t\t\t\t\t\t\t<\/div>\n\t\t\t\t<\/div>\n\t\t\t\t\t<\/div>\n\t\t<\/div>\n\t\t\t\t\t<\/div>\n\t\t<\/section>\n\t\t\t\t<section class=\"elementor-section elementor-top-section elementor-element elementor-element-b5645f2 elementor-section-content-top elementor-section-boxed elementor-section-height-default elementor-section-height-default\" data-id=\"b5645f2\" data-element_type=\"section\" data-e-type=\"section\">\n\t\t\t\t\t\t<div class=\"elementor-container elementor-column-gap-default\">\n\t\t\t\t\t<div class=\"elementor-column elementor-col-100 elementor-top-column elementor-element elementor-element-0b755da\" data-id=\"0b755da\" data-element_type=\"column\" data-e-type=\"column\">\n\t\t\t<div class=\"elementor-widget-wrap elementor-element-populated\">\n\t\t\t\t\t\t<div class=\"elementor-element elementor-element-5958232 elementor-widget elementor-widget-text-editor\" data-id=\"5958232\" data-element_type=\"widget\" data-e-type=\"widget\" data-widget_type=\"text-editor.default\">\n\t\t\t\t<div class=\"elementor-widget-container\">\n\t\t\t\t\t\t\t\t\t<p>&nbsp;&nbsp;&nbsp;&nbsp;&nbsp;&nbsp;&nbsp;&nbsp;&nbsp;&nbsp;&nbsp;&nbsp;&nbsp; Sur les deux ann\u00e9es du projet, le ravageur <em>Nesidiocoris tenuis <\/em>n\u2019a jamais \u00e9t\u00e9 observ\u00e9 au CTIFL. L\u2019impact de l&rsquo;Ensirode sur cette punaise, responsable d\u2019importants d\u00e9g\u00e2ts en culture hors sol dans le sud-est, n\u2019a pas pu \u00eatre d\u00e9termin\u00e9.<br>&nbsp;&nbsp;&nbsp;&nbsp;&nbsp;&nbsp;&nbsp;&nbsp;&nbsp;&nbsp;&nbsp;&nbsp;&nbsp; Toutefois, <em>Macrolophus <\/em>et <em>Nesidiocoris <\/em>sont deux punaises tr\u00e8s proches sur le plan taxinomique et les r\u00e9sultats obtenus sur <em>Macrolophus <\/em>peuvent \u00eatre extrapol\u00e9s pour <em>Nesidiocoris<\/em>. Ces r\u00e9sultats sugg\u00e8rent donc que le prototype aurait une bonne efficacit\u00e9 sur le stade adulte de <em>Nesidiocoris <\/em>mais faible sur le stade larvaire.<\/p>\t\t\t\t\t\t\t\t<\/div>\n\t\t\t\t<\/div>\n\t\t\t\t\t<\/div>\n\t\t<\/div>\n\t\t\t\t\t<\/div>\n\t\t<\/section>\n\t\t\t\t<\/div>\n\t\t","protected":false},"excerpt":{"rendered":"<p>&nbsp;&nbsp;&nbsp;&nbsp;&nbsp;&nbsp;&nbsp;&nbsp;&nbsp;&nbsp;&nbsp;&nbsp;&nbsp; En 2018, le CTIFL de Balandran lance le projet LABEL qui consiste \u00e0 l\u2019\u00e9valuation de la lutte physique par Aspiration pour le contr\u00f4le des Bio-agresseurs en culture L\u00e9gumi\u00e8res sous-abri. L\u2019Ensirode sera int\u00e9gr\u00e9 \u00e0 cette \u00e9tude de 2019 \u00e0 2020. Pour cette \u00e9tude, l\u2019objectif sera de mesurer l\u2019impact de l\u2019Ensirode sur les populations d\u2019Aleurodes et &hellip;<\/p>\n<p class=\"read-more\"> <a class=\"\" href=\"https:\/\/ensirode.fr\/index.php\/recherche\/\"> <span class=\"screen-reader-text\">R &#038; D<\/span> Lire la suite\u00a0\u00bb<\/a><\/p>\n","protected":false},"author":1,"featured_media":0,"parent":0,"menu_order":0,"comment_status":"closed","ping_status":"closed","template":"","meta":{"site-sidebar-layout":"no-sidebar","site-content-layout":"page-builder","ast-global-header-display":"","ast-banner-title-visibility":"","ast-main-header-display":"","ast-hfb-above-header-display":"","ast-hfb-below-header-display":"","ast-hfb-mobile-header-display":"","site-post-title":"disabled","ast-breadcrumbs-content":"","ast-featured-img":"disabled","footer-sml-layout":"","theme-transparent-header-meta":"","adv-header-id-meta":"","stick-header-meta":"","header-above-stick-meta":"","header-main-stick-meta":"","header-below-stick-meta":"","footnotes":""},"class_list":["post-115","page","type-page","status-publish","hentry"],"yoast_head":"<!-- This site is optimized with the Yoast SEO plugin v22.8 - https:\/\/yoast.com\/wordpress\/plugins\/seo\/ -->\n<title>R &amp; D - ENSIRODE<\/title>\n<meta name=\"robots\" content=\"index, follow, max-snippet:-1, max-image-preview:large, max-video-preview:-1\" \/>\n<link rel=\"canonical\" href=\"https:\/\/ensirode.fr\/index.php\/recherche\/\" \/>\n<meta property=\"og:locale\" content=\"fr_FR\" \/>\n<meta property=\"og:type\" content=\"article\" \/>\n<meta property=\"og:title\" content=\"R &amp; D - ENSIRODE\" \/>\n<meta property=\"og:description\" content=\"&nbsp;&nbsp;&nbsp;&nbsp;&nbsp;&nbsp;&nbsp;&nbsp;&nbsp;&nbsp;&nbsp;&nbsp;&nbsp; En 2018, le CTIFL de Balandran lance le projet LABEL qui consiste \u00e0 l\u2019\u00e9valuation de la lutte physique par Aspiration pour le contr\u00f4le des Bio-agresseurs en culture L\u00e9gumi\u00e8res sous-abri. L\u2019Ensirode sera int\u00e9gr\u00e9 \u00e0 cette \u00e9tude de 2019 \u00e0 2020. Pour cette \u00e9tude, l\u2019objectif sera de mesurer l\u2019impact de l\u2019Ensirode sur les populations d\u2019Aleurodes et &hellip; R &#038; D Lire la suite\u00a0\u00bb\" \/>\n<meta property=\"og:url\" content=\"https:\/\/ensirode.fr\/index.php\/recherche\/\" \/>\n<meta property=\"og:site_name\" content=\"ENSIRODE\" \/>\n<meta property=\"article:modified_time\" content=\"2024-05-30T13:36:38+00:00\" \/>\n<meta property=\"og:image\" content=\"https:\/\/ensirode.fr\/wp-content\/uploads\/2024\/05\/resultat-ctifl3.jpg\" \/>\n<meta name=\"twitter:card\" content=\"summary_large_image\" \/>\n<meta name=\"twitter:label1\" content=\"Dur\u00e9e de lecture estim\u00e9e\" \/>\n\t<meta name=\"twitter:data1\" content=\"2 minutes\" \/>\n<script type=\"application\/ld+json\" class=\"yoast-schema-graph\">{\"@context\":\"https:\/\/schema.org\",\"@graph\":[{\"@type\":\"WebPage\",\"@id\":\"https:\/\/ensirode.fr\/index.php\/recherche\/\",\"url\":\"https:\/\/ensirode.fr\/index.php\/recherche\/\",\"name\":\"R & D - ENSIRODE\",\"isPartOf\":{\"@id\":\"https:\/\/ensirode.fr\/#website\"},\"primaryImageOfPage\":{\"@id\":\"https:\/\/ensirode.fr\/index.php\/recherche\/#primaryimage\"},\"image\":{\"@id\":\"https:\/\/ensirode.fr\/index.php\/recherche\/#primaryimage\"},\"thumbnailUrl\":\"https:\/\/ensirode.fr\/wp-content\/uploads\/2024\/05\/resultat-ctifl3.jpg\",\"datePublished\":\"2023-05-18T06:03:30+00:00\",\"dateModified\":\"2024-05-30T13:36:38+00:00\",\"breadcrumb\":{\"@id\":\"https:\/\/ensirode.fr\/index.php\/recherche\/#breadcrumb\"},\"inLanguage\":\"fr-FR\",\"potentialAction\":[{\"@type\":\"ReadAction\",\"target\":[\"https:\/\/ensirode.fr\/index.php\/recherche\/\"]}]},{\"@type\":\"ImageObject\",\"inLanguage\":\"fr-FR\",\"@id\":\"https:\/\/ensirode.fr\/index.php\/recherche\/#primaryimage\",\"url\":\"https:\/\/ensirode.fr\/wp-content\/uploads\/2024\/05\/resultat-ctifl3.jpg\",\"contentUrl\":\"https:\/\/ensirode.fr\/wp-content\/uploads\/2024\/05\/resultat-ctifl3.jpg\",\"width\":1000,\"height\":750},{\"@type\":\"BreadcrumbList\",\"@id\":\"https:\/\/ensirode.fr\/index.php\/recherche\/#breadcrumb\",\"itemListElement\":[{\"@type\":\"ListItem\",\"position\":1,\"name\":\"Accueil\",\"item\":\"https:\/\/ensirode.fr\/\"},{\"@type\":\"ListItem\",\"position\":2,\"name\":\"R &#038; D\"}]},{\"@type\":\"WebSite\",\"@id\":\"https:\/\/ensirode.fr\/#website\",\"url\":\"https:\/\/ensirode.fr\/\",\"name\":\"ENSIRODE\",\"description\":\"Pour la protection des cultures sous serres chauff\u00e9es\",\"potentialAction\":[{\"@type\":\"SearchAction\",\"target\":{\"@type\":\"EntryPoint\",\"urlTemplate\":\"https:\/\/ensirode.fr\/?s={search_term_string}\"},\"query-input\":\"required name=search_term_string\"}],\"inLanguage\":\"fr-FR\"}]}<\/script>\n<!-- \/ Yoast SEO plugin. -->","yoast_head_json":{"title":"R & D - ENSIRODE","robots":{"index":"index","follow":"follow","max-snippet":"max-snippet:-1","max-image-preview":"max-image-preview:large","max-video-preview":"max-video-preview:-1"},"canonical":"https:\/\/ensirode.fr\/index.php\/recherche\/","og_locale":"fr_FR","og_type":"article","og_title":"R & D - ENSIRODE","og_description":"&nbsp;&nbsp;&nbsp;&nbsp;&nbsp;&nbsp;&nbsp;&nbsp;&nbsp;&nbsp;&nbsp;&nbsp;&nbsp; En 2018, le CTIFL de Balandran lance le projet LABEL qui consiste \u00e0 l\u2019\u00e9valuation de la lutte physique par Aspiration pour le contr\u00f4le des Bio-agresseurs en culture L\u00e9gumi\u00e8res sous-abri. L\u2019Ensirode sera int\u00e9gr\u00e9 \u00e0 cette \u00e9tude de 2019 \u00e0 2020. Pour cette \u00e9tude, l\u2019objectif sera de mesurer l\u2019impact de l\u2019Ensirode sur les populations d\u2019Aleurodes et &hellip; R &#038; D Lire la suite\u00a0\u00bb","og_url":"https:\/\/ensirode.fr\/index.php\/recherche\/","og_site_name":"ENSIRODE","article_modified_time":"2024-05-30T13:36:38+00:00","og_image":[{"url":"https:\/\/ensirode.fr\/wp-content\/uploads\/2024\/05\/resultat-ctifl3.jpg"}],"twitter_card":"summary_large_image","twitter_misc":{"Dur\u00e9e de lecture estim\u00e9e":"2 minutes"},"schema":{"@context":"https:\/\/schema.org","@graph":[{"@type":"WebPage","@id":"https:\/\/ensirode.fr\/index.php\/recherche\/","url":"https:\/\/ensirode.fr\/index.php\/recherche\/","name":"R & D - ENSIRODE","isPartOf":{"@id":"https:\/\/ensirode.fr\/#website"},"primaryImageOfPage":{"@id":"https:\/\/ensirode.fr\/index.php\/recherche\/#primaryimage"},"image":{"@id":"https:\/\/ensirode.fr\/index.php\/recherche\/#primaryimage"},"thumbnailUrl":"https:\/\/ensirode.fr\/wp-content\/uploads\/2024\/05\/resultat-ctifl3.jpg","datePublished":"2023-05-18T06:03:30+00:00","dateModified":"2024-05-30T13:36:38+00:00","breadcrumb":{"@id":"https:\/\/ensirode.fr\/index.php\/recherche\/#breadcrumb"},"inLanguage":"fr-FR","potentialAction":[{"@type":"ReadAction","target":["https:\/\/ensirode.fr\/index.php\/recherche\/"]}]},{"@type":"ImageObject","inLanguage":"fr-FR","@id":"https:\/\/ensirode.fr\/index.php\/recherche\/#primaryimage","url":"https:\/\/ensirode.fr\/wp-content\/uploads\/2024\/05\/resultat-ctifl3.jpg","contentUrl":"https:\/\/ensirode.fr\/wp-content\/uploads\/2024\/05\/resultat-ctifl3.jpg","width":1000,"height":750},{"@type":"BreadcrumbList","@id":"https:\/\/ensirode.fr\/index.php\/recherche\/#breadcrumb","itemListElement":[{"@type":"ListItem","position":1,"name":"Accueil","item":"https:\/\/ensirode.fr\/"},{"@type":"ListItem","position":2,"name":"R &#038; D"}]},{"@type":"WebSite","@id":"https:\/\/ensirode.fr\/#website","url":"https:\/\/ensirode.fr\/","name":"ENSIRODE","description":"Pour la protection des cultures sous serres chauff\u00e9es","potentialAction":[{"@type":"SearchAction","target":{"@type":"EntryPoint","urlTemplate":"https:\/\/ensirode.fr\/?s={search_term_string}"},"query-input":"required name=search_term_string"}],"inLanguage":"fr-FR"}]}},"_links":{"self":[{"href":"https:\/\/ensirode.fr\/index.php\/wp-json\/wp\/v2\/pages\/115","targetHints":{"allow":["GET"]}}],"collection":[{"href":"https:\/\/ensirode.fr\/index.php\/wp-json\/wp\/v2\/pages"}],"about":[{"href":"https:\/\/ensirode.fr\/index.php\/wp-json\/wp\/v2\/types\/page"}],"author":[{"embeddable":true,"href":"https:\/\/ensirode.fr\/index.php\/wp-json\/wp\/v2\/users\/1"}],"replies":[{"embeddable":true,"href":"https:\/\/ensirode.fr\/index.php\/wp-json\/wp\/v2\/comments?post=115"}],"version-history":[{"count":100,"href":"https:\/\/ensirode.fr\/index.php\/wp-json\/wp\/v2\/pages\/115\/revisions"}],"predecessor-version":[{"id":816,"href":"https:\/\/ensirode.fr\/index.php\/wp-json\/wp\/v2\/pages\/115\/revisions\/816"}],"wp:attachment":[{"href":"https:\/\/ensirode.fr\/index.php\/wp-json\/wp\/v2\/media?parent=115"}],"curies":[{"name":"wp","href":"https:\/\/api.w.org\/{rel}","templated":true}]}}